rue
Is 151693 a composite number?
False
Is 2237 composite?
False
Is 1769453 composite?
True
Is 37481 a prime number?
False
Is 71935 a prime number?
False
Is 368749 a composite number?
True
Is 64637 prime?
False
Is 4271 a composite number?
False
Is 20873 prime?
True
Is 52265 prime?
False
Is 49769 a prime number?
False
Is 689915 a composite number?
True
Is 786109 a prime number?
True
Is 6239 composite?
True
Is 1337 composite?
True
Is 1943 prime?
False
Is 67 a prime number?
True
Is 54941 a prime number?
True
Is 2437 a composite number?
False
Is 47249 composite?
True
Is 157601 a composite number?
True
Is 4111 a composite number?
False
Is 2203 a composite number?
False
Is 1104937 a prime number?
True
Is 125231 a composite number?
False
Is 594833 a prime number?
False
Is 2927 a prime number?
True
Is 841702 composite?
True
Is 15793 a composite number?
True
Is 584119 a prime number?
False
Is 2927 composite?
False
Is 2945947 a composite number?
True
Is 1273493 a composite number?
True
Is 8923 prime?
True
Is 20017 a composite number?
True
Is 286813 a composite number?
False
Is 243422 composite?
True
Is 1079357 a composite number?
False
Is 5167 a composite number?
False
Is 809605 prime?
False
Is 877109 prime?
True
Is 2927 composite?
False
Is 6521 prime?
True
Is 43103 a composite number?
False
Is 1814 a prime number?
False
Is 2099 composite?
False
Is 9629 a prime number?
True
Is 96137 prime?
True
Is 50359 a prime number?
True
Is 2442837 a prime number?
False
Is 57901 a prime number?
True
Is 723439 composite?
False
Is 279362 a prime number?
False
Is 43501 prime?
False
Is 73417 a composite number?
False
Is 144947 a prime number?
False
Is 228286 composite?
True
Is 10369 a composite number?
False
Is 17729 a composite number?
False
Is 11369 a prime number?
True
Is 50207 a composite number?
False
Is 7609 composite?
True
Is 2337463 composite?
False
Is 89255 prime?
False
Is 256867 composite?
True
Is 402469 prime?
False
Is 41641 a prime number?
True
Is 60321 composite?
True
Is 384359 prime?
True
Is 319709 composite?
True
Is 1399 prime?
True
Is 83833 prime?
True
Is 951401 a prime number?
False
Is 125699 a composite number?
True
Is 1208341 composite?
False
Is 589 prime?
False
Is 3155 a composite number?
True
Is 20789 composite?
False
Is 5921 a prime number?
False
Is 3709 composite?
False
Is 8923 composite?
False
Is 265861 a prime number?
True
Is 1471 a composite number?
False
Is 223 composite?
False
Is 93349 a composite number?
True
Is 35755 a prime number?
False
Is 1642997 a composite number?
False
Is 11239 prime?
True
Is 202307 a composite number?
True
Is 16106 composite?
True
Is 122566 a composite number?
True
Is 50117 a composite number?
True
Is 41365 prime?
False
Is 12667 a prime number?
False
Is 760289 a composite number?
False
Is 36833 a prime number?
True
Is 55763 composite?
False
Is 160763 a prime number?
False
Is 8539 composite?
False
Is 588547 composite?
True
Is 490493 a prime number?
True
Is 1217 composite?
False
Is 81509 composite?
False
Is 75265 a prime number?
False
Is 15727 composite?
False
Is 7817 prime?
True
Is 130589 a composite number?
False
Is 7993 a prime number?
True
Is 854627 prime?
False
Is 2029121 composite?
False
Is 2809 prime?
False
Is 373 composite?
False
Is 106721 prime?
True
Is 1366 composite?
True
Is 3371 a composite number?
False
Is 1139 a prime number?
False
Is 58283 composite?
True
Is 2981 a prime number?
False
Is 1111397 a composite number?
True
Is 13033 prime?
True
Is 5779 a composite number?
False
Is 303983 a prime number?
True
Is 203689 prime?
False
Is 3635 a composite number?
True
Is 8501 a composite number?
False
Is 73713 a composite number?
True
Is 78205 a composite number?
True
Is 219149 a prime number?
False
Is 271703 a prime number?
True
Is 266369 a prime number?
True
Is 1027703 composite?
False
Is 1638251 a prime number?
True
Is 524621 prime?
False
Is 2391319 a prime number?
False
Is 68633 prime?
True
Is 3163 composite?
False
Is 21241 a prime number?
False
Is 5809 a prime number?
False
Is 17443 composite?
False
Is 106171 prime?
False
Is 1391969 prime?
True
Is 66977 composite?
False
Is 4939 composite?
True
Is 61627 prime?
True
Is 319613 prime?
False
Is 2131649 composite?
True
Is 111277 a composite number?
True
Is 419 composite?
False
Is 15541 prime?
True
Is 74999 prime?
False
Is 374159 a composite number?
False
Is 4291 a composite number?
True
Is 65441 composite?
True
Is 8221 a prime number?
True
Is 67 prime?
True
Is 94081 a prime number?
False
Is 1170107 a composite number?
False
Is 6541 a composite number?
True
Is 9533 a prime number?
True
Is 99039 a composite number?
True
Is 169027 a prime number?
False
Is 1189795 composite?
True
Is 117377 prime?
False
Is 94247 a composite number?
True
Is 266453 a composite number?
True
Is 8513 composite?
False
Is 2453 a prime number?
False
Is 17653 composite?
True
Is 251609 composite?
False
Is 1219 a composite number?
True
Is 184211 composite?
False
Is 244847 prime?
False
Is 241985 a composite number?
True
Is 108127 prime?
True
Is 10313 prime?
True
Is 50438 a composite number?
True
Is 8053 a prime number?
True
Is 34633 composite?
True
Is 25301 prime?
True
Is 229093 a prime number?
True
Is 22373 a composite number?
True
Is 127369 composite?
True
Is 92801 a composite number?
False
Is 22513 a prime number?
False
Is 73399 prime?
False
Is 26281 composite?
True
Is 2633 a composite number?
False
Is 3628877 a prime number?
False
Is 127 prime?
True
Is 97943 a prime number?
True
Is 7784807 composite?
False
Is 8417 a prime number?
False
Is 191 prime?
True
Is 60251 prime?
True
Is 32741 prime?
False
Is 59191 a prime number?
False
Is 28529 composite?
True
Is 18201 prime?
False
Is 49193 a composite number?
False
Is 31847 composite?
False
Is 1215197 a composite number?
False
Is 40693 a composite number?
False
Is 615599 prime?
True
Is 507977 a prime number?
False
Is 17783 prime?
True
Is 9722 composite?
True
Is 17837 composite?
False
Is 24281 prime?
True
Is 271333 composite?
False
Is 5971 composite?
True
Is 75571 a composite number?
False
Is 69659 a prime number?
False
Is 26281 composite?
True
Is 836471 composite?
False
Is 8639 prime?
False
Is 394385 a composite number?
True
Is 1181 prime?
True
Is 5849 prime?
True
Is 44351 a prime number?
True
Is 122237 composite?
True
Is 54295 a composite number?
True
Is 104821 a composite number?
True
Is 677717 a prime number?
True
Is 117187 a prime number?
False
Is 340007 composite?
False
Is 59863 a composite number?
False
Is 1030819 composite?
True
Is 2813 prime?
False
Is 18553 prime?
True
Is 224279 prime?
False
Is 41159 a prime number?
False
Is 17998 a prime number?
False
Is 2407 a composite number?
True
Is 1294951 composite?
True
Is 57802 a composite number?
True
Is 11923 a prime number?
True
Is 28051 prime?
True
Is 2831 a composite number?
True
Is 427849 composite?
False
Is 3787 prime?
False
Is 94613 prime?
True
Is 21911 a composite number?
False
Is 703 a composite number?
True
Is 160579 a composite number?
False
Is 16909 prime?
False
Is 399907 a composite number?
True
Is 13051 composite?
True
Is 551 a composite number?
True
Is 15557 prime?
False
Is 1159 a prime number?
False
Is 14513 prime?
False
Is 45473 prime?
False
Is 57023 composite?
True
Is 40997 composite?
True
Is 1271671 composite?
False
Is 310561 composite?
True
Is 11311 prime?
True
Is 255451 a prime number?
False
Is 7363 a prime number?
False
Is 3691 composite?
False
Is 505757 prime?
False
Is 24359 a prime number?
True
Is 2531 composite?
False
Is 872281 a prime number?
True
Is 21583 composite?
True
Is 1901 a prime number?
True
Is 4037 a composite number?
True
Is 611449 a prime number?
True
Is 186265 a composite number?
True
Is 7051 composite?
True
Is 356663 composite?
False
Is 6911 prime?
True
Is 2053 a prime number?
True
Is 390407 a composite number?
False
Is 21039 composite?
True
Is 788521 composite?
False
Is 124861 a prime number?
False
Is 100811 a composite number?
False
Is 2533 a prime number?
False
Is 245297 a composite number?
True
Is 72001 prime?
False
Is 12841 a prime number?
True
Is 146906 a composite number?
True
Is 53221 a composite number?
True
Is 5557 prime?
True
Is 139067 composite?
False
Is 24247 a composite number?
False
Is 857239 a prime number?
False
Is 466861 a composite number